= -4*o - 47. Calculate the highest common factor of r and 9.
9
Let s = -66 + 90. Let o(b) = -4*b**3 - 2*b**2 + 1. Let t be o(-1). What is the greatest common factor of t and s?
3
Let u = 115 - 117. Let n = -11 + 7. Let p be ((-18)/n)/((-1)/u). Calculate the greatest common divisor of p and 81.
9
Let h = -53 - -134. Calculate the highest common divisor of 27 and h.
27
Suppose 8*b - 2*b - 114 = 0. What is the highest common factor of b and 19?
19
Let p(l) = 14*l + 2. Suppose 5*y - 13 = 7. Let x be p(y). Calculate the greatest common factor of x and 145.
29
Let s be (-2640)/(-45) + 1/(3/4). Calculate the greatest common factor of 30 and s.
30
Suppose -4*d - 84 = -2*d. Let q = -29 - d. What is the greatest common divisor of q and 130?
13
Let o = 127 - 110. What is the highest common factor of o and 136?
17
Let z = 399 + -219. What is the highest common factor of 20 and z?
20
Suppose 3*i - 15 = 0, -4*i = -j - i + 336. Calculate the greatest common factor of j and 39.
39
Let h be (56/8)/((2/(-6))/(-1)). Calculate the greatest common factor of 35 and h.
7
Suppose 3*w = 10 + 11. Let v be 8/(-28) + 940/w. Suppose 5*c - v + 54 = 0. Calculate the highest common factor of c and 16.
16
Let f(a) = 4 - a**2 + 4 + 3*a**3 - 6*a**2 - 4*a**3 + 10*a. Let k be f(-9). What is the greatest common divisor of 32 and k?
16
Let p(s) = 22*s - 18. Let u be p(7). What is the greatest common factor of 17 and u?
17
Suppose -2*y + 48 = -38. Let c = y + -30. Calculate the highest common divisor of 143 and c.
13
Let d = 73 + -9. Suppose 5*l = 5, 2*j = -2*l - 2*l + d. Let f = 10 + 2. Calculate the highest common factor of f and j.
6
Suppose -2*m - 3*p + 18 = 0, 0 = p + p - 4. Let w be 2/(-3) - 2/(-3). Suppose -3*d - 9 = 0, -5*h + d = -w*d - 153. What is the highest common factor of h and m?
6
Suppose 72 = 2*l + l. Let j(i) = i**2 + i + 6. Let h be j(5). Calculate the highest common factor of h and l.
12
Let q(u) = 3*u**2 - 12*u - 5*u**2 + 5*u**2 + 5 + 13*u. Let d be q(4). Calculate the highest common divisor of d and 38.
19
Let j = 21 - 10. Let x = -140 + 239. What is the highest common factor of x and j?
11
Let p = -28 - -35. Let n be (252/8)/p*2. What is the greatest common divisor of n and 9?
9
Suppose -4*k = -3*h - 0 - 6, -2*k = -4*h + 2. Let j be 50 + (h - (-2)/(-1)). Let a = -6 - -16. Calculate the greatest common factor of a and j.
10
Let m be (34/(6 - 4))/1. Calculate the greatest common factor of m and 68.
17
Let k be 3/((-2)/8*-3). Suppose 3*i - 61 = -t - 4*t, 2*i - 70 = k*t. What is the greatest common factor of i and 9?
9
Suppose 0 = -f - 0 + 8. Suppose -5*m = 25, 5*x = 3*m + 2*m + 105. Calculate the highest common factor of f and x.
8
Let x(v) = -v - 13 - 6*v - 6*v. Let p(u) = 7*u + 7. Let b(f) = 7*p(f) + 4*x(f). Let n be b(-5). Calculate the highest common factor of 24 and n.
12
Let o = 338 - 212. What is the greatest common divisor of o and 42?
42
Let j = 78 - -2. Suppose 4*v = -v - j. Let u = v + 31. What is the greatest common factor of 30 and u?
15
Let y = -5 - 5. Let w = -14 - y. Let x be w/6 + 92/12. Calculate the highest common factor of x and 14.
7
Let d be 207/(-2 + 1)*-1. Let p = d - 130. What is the highest common factor of 7 and p?
7
Let b = 109 + -63. Let i = b + 2. Suppose 0 = -2*g - g + i. Calculate the highest common divisor of 40 and g.
8
Suppose x - 2*g = 33, -4*x = -0*x - 3*g - 122. What is the greatest common factor of x and 203?
29
Let x = -5 + 14. Let n = 26 - 38. Let p = -3 - n. What is the highest common factor of x and p?
9
Let q = 121 - 25. Let x be (12/7)/((-1)/(-7)). What is the highest common factor of q and x?
12
Let q be (-464)/(-87)*(6 - 0). Calculate the greatest common factor of q and 4.
4
Let s(i) = -i**3 + 3*i**2 + 4*i + 4. Let p be s(4). Suppose 0 = p*j - 4, t - 19 = j + 2*j. Let n = 46 + -13. What is the greatest common factor of n and t?
11
Let h(a) = a**3 - 9*a**2 + 10*a - 11. Let s be h(8). Let n be 6*(-3)/(-9)*(-1)/(-2). What is the highest common divisor of s and n?
1
Let f be (3 - 35/15) + (-32)/(-6). Calculate the greatest common factor of f and 10.
2
Let y = 8 - 7. Calculate the highest common divisor of 1 and y.
1
Let u(s) = -s**3 + s**2 + s - 2. Let f be u(-2). Let o(c) = c**2 - 7*c - 2. Let k be o(f). Let d = 21 - k. Calculate the highest common factor of 3 and d.
3
Let v be 21/(-14) - (-339)/2. Calculate the highest common divisor of 42 and v.
42
Let r = 6 - 12. Let n be 9 - 2*r/(-4). Calculate the greatest common factor of n and 6.
6
Suppose -55*q + 36*q = -209. Let y(c) = -2*c - 3. Let b be y(-2). Calculate the greatest common factor of q and b.
1
Suppose -3*s + 18 = -0*s. Let r(p) = p**2 + 5*p - 6. Let m be r(-9). Calculate the highest common divisor of m and s.
6
Suppose 3*i = 2*g + 2, -4*i + 5*i = 2*g - 2. Suppose -3*n + 8*n + 4*k = 9, -i = -n - k. Calculate the greatest common factor of 1 and n.
1
Let z = 2 - -13. Let k be (-3)/(1/(15/(-3))). Calculate the highest common factor of z and k.
15
Suppose 3*z + 7 = 1. Let v be (1/z)/((-8)/224). What is the highest common divisor of v and 126?
14
Suppose -4 = -g + 8. Let d = 15 - 27. Let p be (-46)/(-12) - 2/d. Calculate the highest common divisor of g and p.
4
Let x = -12 + 24. Let j(c) be the third derivative of c**5/60 + c**4/24 + 8*c**3 + c**2. Let i be j(0). Calculate the highest common divisor of i and x.
12
Suppose 2*d + 2*o - 222 = 0, -d + 2*o + 98 = -4. Calculate the greatest common divisor of 18 and d.
18
Let n = 27 - 20. Calculate the greatest common factor of 56 and n.
7
Suppose 5*q + 20 = 670. Suppose 4*l - q - 150 = 0. What is the highest common factor of 14 and l?
14
Let q be (-404)/(-4) + 0 + -2. Let a = 9 + 2. What is the highest common divisor of a and q?
11
Let g = -4 - -6. Let y be (37 - (g + -1)) + 0. Calculate the highest common divisor of y and 9.
9
Suppose -3*g + 4*a = 503, 61 = -4*g + 3*a - 605. Let d be ((-69)/9)/(1/g). Suppose 0 = 3*j - 8*j + d. What is the greatest common divisor of j and 23?
23
Let j = -38 - -46. Calculate the greatest common factor of 72 and j.
8
Suppose -2*l + 24 = -4*w, -w = -3*l - 0*w + 41. Calculate the greatest common divisor of 28 and l.
14
Let w(x) = -32*x - 16. Let k be w(-6). What is the greatest common factor of k and 16?
16
Let w = 255 + -101. Let h = 2 + -1. Let i be 17/h - (2 + 1). What is the greatest common factor of w and i?
14
Let b(j) = j - 5. Let p be b(4). Let c be 8/((0 - -1)*p). Let t be 202/4 - 4/c. What is the greatest common divisor of t and 17?
17
Let m be (18/(-5))/(7/(-105)). Calculate the highest common factor of 270 and m.
54
Let g = -80 + 115. Calculate the greatest common factor of 5 and g.
5
Let l = -88 - -123. Let p be 6/(-27) - 195/(-27). Calculate the greatest common divisor of p and l.
7
Let u(g) = -3*g - 2. Let k be u(-4). Let p be 2/(-3 + k/2). Let z be 2*(-2 + p) + 23. What is the greatest common divisor of 7 and z?
7
Let d = 30 + -56. Let o = d - -43. Calculate the greatest common factor of 17 and o.
17
Suppose 4 = -z + 14. Let l be (12/z)/((-1)/5). Let q = l + 18. Calculate the greatest common factor of 4 and q.
4
Let g be 2*7/2*1. Let t(k) = k**3 - 7*k**2 + 3*k - 1. Let f be t(g). Let r = 55 - 25. What is the greatest common divisor of r and f?
10
Suppose 5*j - 3*l = 2*l + 40, -4*j + l + 20 = 0. What is the greatest common divisor of j and 12?
4
Let q(d) = -5 + 3 - 1 - 7*d. Let k be q(-7). Calculate the highest common divisor of 23 and k.
23
Let b be ((-6)/8)/((-12)/1872). Calculate the highest common factor of 13 and b.
13
Let n be 208/3 + 2/3. Suppose -38 = -3*c + n. Suppose -k - 4*m = -24, -3*m = 4*k - 5*m - 96. Calculate the greatest common factor of k and c.
12
Let h be (-1)/((-50)/(-26) + -2). Calculate the highest common divisor of h and 117.
13
Let a(m) = m - 2*m + m**2 - 6*m**2. Let k be a(-1). Let v(g) = g**3 + 3*g**2 - 7*g - 6. Let b be v(k). What is the highest common factor of 24 and b?
6
Let g = 8 + 11. Let h(z) = z**3 - 6*z**2 + 5*z + 3. Let q be h(8). What is the greatest common divisor of q and g?
19
Let b(l) = 36*l - 27. Let v be b(7). Calculate the highest common divisor of 25 and v.
25
Let a = -199 - -226. Calculate the greatest common divisor of a and 162.
27
Let p = -22 + 23. Let q(f) = f**3 - 2*f**2 - 2*f + 4. Let x be q(3). Calculate the highest com